{"id":1884,"date":"2021-01-21T23:38:38","date_gmt":"2021-01-21T22:38:38","guid":{"rendered":"https:\/\/www.vframe.pl\/irsa1\/?page_id=1884"},"modified":"2021-01-21T23:38:47","modified_gmt":"2021-01-21T22:38:47","slug":"selected-exhibitions","status":"publish","type":"page","link":"https:\/\/www.irsa.com.pl\/index.php\/director-jozef-grabski\/selected-exhibitions\/","title":{"rendered":"SELECTED EXHIBITIONS"},"content":{"rendered":"\n<h2>SELECTED EXHIBITIONS ORGANIZED BY DR J\u00d3ZEF GRABSKI<\/h2>\n\n\n\n<p>1990 \t<em>\u201eKonfrontationen\u201c \u2013 Regionale Stile Mitteleuropas<\/em>, Graphische Sammlung Albertina, Vienna <\/p>\n\n\n\n<p>1990 \t<em>OPUS SACRUM<\/em>, exhibition of works of art from the Barbar Piasecka Johnson Collection at the Royal Castle in Warsaw <\/p>\n\n\n\n<p>1991 \tLiechtenstein <em>Europ\u00e4ische Kunst des 13. bis 18. Jahrhunderts aus der Sammlung von Barbara Piasecka Johnson<\/em>, Vaduz, Liechtenstein <\/p>\n\n\n\n<p>1991 \t<em>Battistello Caracciolo und die Kunst des XVII. <\/em><em>Jahrhunderts in Neapel<\/em>, Apollo Art Galleries, Vienna <\/p>\n\n\n\n<p>1991 \t<em>OPENING UP<\/em>, The Hammer Galleries, New York, USA <\/p>\n\n\n\n<p>1991 \t<em>Jan Vermeer van Delft, \u201e\u015bw. Prakseda\u201d ze zbior\u00f3w Barbary Piaseckiej Johnson<\/em>, Royal Wawel Castle, Cracow <\/p>\n\n\n\n<p>1991\u20131992 \t<em>Leonardo da Vinci, Lady with an Ermine<\/em>, National Gallery of Art, Washington, D.C., USA <\/p>\n\n\n\n<p>1992 \t<em>Portr\u00e4tmalerei auf den europ\u00e4ischen H\u00f6fen im XVIII. <\/em><em>Jahrhundert<\/em>, Apollo Art Galleries, Vienna <\/p>\n\n\n\n<p>1998 \t<em>\u00c9cole de Paris<\/em>, Palace of Fine Arts, Cracow; The Poznanski Palace, \u0141\u00f3d\u017a <\/p>\n\n\n\n<p>1999 \t<em>STASYS 50<\/em>, Palace of Fine Arts, Cracow; Townhall, Wroc\u0142aw <\/p>\n\n\n\n<p>2001 \t<em>Ma\u0142a Panorama Rac\u0142awicka Wojciecha Kossaka i Jana Styki<\/em>, District Museum in Tarn\u00f3w; National Museum of the Przemy\u015bl Region in Przemy\u015bl; The Pomeranian Dukes\u2019 Castle in Szczecin <\/p>\n\n\n\n<p>2002 \t<em>Ma\u0142a Panorama Rac\u0142awicka Wojciecha Kossaka i Jana Styki<\/em>, Museum of Upper Silesia, Bytom <\/p>\n\n\n\n<p>2002 \t<em>Aleksander Kobzdej. Struggle with Substance<\/em>, IRSA Fine Art Gallery, \u201cH\u00f4tel de Saxe\u201d, Warsaw; The Larisch Palace, Cracow <\/p>\n\n\n\n<p>2003 \t<em>Ryszard Winiarski. The Works of 1973\u20131974<\/em>, IRSA Fine Art Gallery, \u201cH\u00f4tel de Saxe\u201d, Warsaw; The Larisch Palace, Cracow <\/p>\n\n\n\n<p>2003 \t<em>Jerzy Tch\u00f3rzewski. Drawings<\/em>, IRSA Fine Art Gallery, \u201cH\u00f4tel de Saxe\u201d, Warsaw; The Larisch Palace, Cracow <\/p>\n\n\n\n<p>2003 \t<em>Leon Tarasewicz. Milano 2003<\/em>, Galleria Rubin, Milano, Italy <\/p>\n\n\n\n<p>2003 \t<em>Roman Artymowski. In the Circle of the Sun<\/em>, IRSA Fine Art Gallery: \u201cH\u00f4tel de Saxe\u201d, Warsaw; The Larisch Palace, Cracow <\/p>\n\n\n\n<p>2003 \t<em>Bronis\u0142aw Krzysztof. The Touch of Light: Sculpture \u2013 Medals \u2013 Drawings<\/em>, IRSA Fine Art Gallery: \u201cH\u00f4tel de Saxe\u201d, Warsaw; The Larisch Palace, Cracow <\/p>\n\n\n\n<p>2003\t<em>Roman Banaszewski. Painting and Graphics<\/em>, The Polish Auction House \u201eSztuka\u201d Gallery, The Larisch Palace, Cracow <\/p>\n\n\n\n<p>2003\u20132004\t<em>Theatrum corporis. Stasys Eidrigevicius<\/em>, IRSA Fine Art Gallery, \u201cH\u00f4tel de Saxe\u201d, Warsaw<\/p>\n\n\n\n<p>2004 \t<em>Witold Urbanowicz. Stare i nowe<\/em>, IRSA Fine Art Gallery: \u201cH\u00f4tel de Saxe\u201d, Warsaw; The Larisch Palace, Cracow<\/p>\n\n\n\n<p>2004\t<em>Alina Szapocznikow. Zatrzyma\u0107 \u017cycie. Rysunki i rze\u017aby<\/em>, IRSA Fine Art Gallery, \u201cH\u00f4tel de Saxe\u201d, Warsaw<\/p>\n\n\n\n<p>2004\u20132005\t<em>The Sun over the Desert. Arabic Motifs in the Work of Roman Artymowski (1919\u20131993)<\/em>, The Polish Military Museum, Warsaw<\/p>\n\n\n\n<p>2008 \t<em>NEW HARMONY. Paintings by Iwo Zaniewski<\/em>, Today Art Museum, Beijing<\/p>\n\n\n\n<p>2008 \t<em>NEW HARMONY. Paintings by Iwo Zaniewski<\/em>, ALL Art Gallery, Beijing<\/p>\n\n\n\n<p>2008 \t<em>PAINTINGS BY IWO ZANIEWSKI. Opening Exhibition<\/em>, Sunshine International Art Museum, Beijing<\/p>\n\n\n\n<p>2008 \t<em>The BEAUTY OF GENTLENESS. New Harmony Paintings by Iwo Zaniewski<\/em>, Wison Art Center, Shanghai<\/p>\n\n\n\n<p>2008 \t<em>The BEAUTY OF GENTLENESS. New Harmony Paintings by Iwo Zaniewski<\/em>, Levant Art Gallery, Shanghai<\/p>\n","protected":false},"excerpt":{"rendered":"<p>SELECTED EXHIBITIONS ORGANIZED BY DR J\u00d3ZEF GRABSKI 1990 \u201eKonfrontationen\u201c \u2013 Regionale Stile Mitteleuropas, Graphische Sammlung Albertina, Vienna 1990 OPUS SACRUM, exhibition of works of art from the Barbar Piasecka Johnson &#8230;<\/p>\n","protected":false},"author":1,"featured_media":0,"parent":1876,"menu_order":0,"comment_status":"closed","ping_status":"closed","template":"","meta":{"ub_ctt_via":""},"featured_image_src":null,"_links":{"self":[{"href":"https:\/\/www.irsa.com.pl\/index.php\/wp-json\/wp\/v2\/pages\/1884"}],"collection":[{"href":"https:\/\/www.irsa.com.pl\/index.php\/wp-json\/wp\/v2\/pages"}],"about":[{"href":"https:\/\/www.irsa.com.pl\/index.php\/wp-json\/wp\/v2\/types\/page"}],"author":[{"embeddable":true,"href":"https:\/\/www.irsa.com.pl\/index.php\/wp-json\/wp\/v2\/users\/1"}],"replies":[{"embeddable":true,"href":"https:\/\/www.irsa.com.pl\/index.php\/wp-json\/wp\/v2\/comments?post=1884"}],"version-history":[{"count":1,"href":"https:\/\/www.irsa.com.pl\/index.php\/wp-json\/wp\/v2\/pages\/1884\/revisions"}],"predecessor-version":[{"id":1885,"href":"https:\/\/www.irsa.com.pl\/index.php\/wp-json\/wp\/v2\/pages\/1884\/revisions\/1885"}],"up":[{"embeddable":true,"href":"https:\/\/www.irsa.com.pl\/index.php\/wp-json\/wp\/v2\/pages\/1876"}],"wp:attachment":[{"href":"https:\/\/www.irsa.com.pl\/index.php\/wp-json\/wp\/v2\/media?parent=1884"}],"curies":[{"name":"wp","href":"https:\/\/api.w.org\/{rel}","templated":true}]}}